{"id":24,"date":"2020-11-22T18:01:22","date_gmt":"2020-11-22T17:01:22","guid":{"rendered":"http:\/\/www.inovetsens.fr\/?page_id=24"},"modified":"2021-02-03T18:32:24","modified_gmt":"2021-02-03T17:32:24","slug":"soin-visage-esthederm","status":"publish","type":"page","link":"http:\/\/www.inovetsens.fr\/index.php\/soin-visage-esthederm\/","title":{"rendered":"Soins Esthederm"},"content":{"rendered":"\n<p>Un partenaire exclusif pour nos soins du visage<\/p>\n\n\n\n<figure class=\"wp-block-image size-large\"><img loading=\"lazy\" width=\"250\" height=\"111\" src=\"http:\/\/www.inovetsens.fr\/wp-content\/uploads\/2020\/11\/Esthederm-logo.png\" alt=\"\" class=\"wp-image-114\" srcset=\"http:\/\/www.inovetsens.fr\/wp-content\/uploads\/2020\/11\/Esthederm-logo.png 250w, http:\/\/www.inovetsens.fr\/wp-content\/uploads\/2020\/11\/Esthederm-logo-135x60.png 135w\" sizes=\"(max-width: 250px) 100vw, 250px\" \/><\/figure>\n\n\n\n<figure class=\"wp-block-image size-large is-resized is-style-default\"><img loading=\"lazy\" src=\"http:\/\/www.inovetsens.fr\/wp-content\/uploads\/2021\/02\/IMG_cabine-visage-1024x768.jpg\" alt=\"\" class=\"wp-image-253\" width=\"445\" height=\"334\" srcset=\"http:\/\/www.inovetsens.fr\/wp-content\/uploads\/2021\/02\/IMG_cabine-visage-1024x768.jpg 1024w, http:\/\/www.inovetsens.fr\/wp-content\/uploads\/2021\/02\/IMG_cabine-visage-300x225.jpg 300w, http:\/\/www.inovetsens.fr\/wp-content\/uploads\/2021\/02\/IMG_cabine-visage-768x576.jpg 768w, http:\/\/www.inovetsens.fr\/wp-content\/uploads\/2021\/02\/IMG_cabine-visage-1536x1152.jpg 1536w, http:\/\/www.inovetsens.fr\/wp-content\/uploads\/2021\/02\/IMG_cabine-visage-80x60.jpg 80w, http:\/\/www.inovetsens.fr\/wp-content\/uploads\/2021\/02\/IMG_cabine-visage-640x480.jpg 640w, http:\/\/www.inovetsens.fr\/wp-content\/uploads\/2021\/02\/IMG_cabine-visage-110x83.jpg 110w, http:\/\/www.inovetsens.fr\/wp-content\/uploads\/2021\/02\/IMG_cabine-visage.jpg 2016w\" sizes=\"(max-width: 445px) 100vw, 445px\" \/><\/figure>\n\n\n\n<p>Jour apr\u00e8s jour, les soins du visage institut Esthederm pr\u00e9servent, subliment la qualit\u00e9 de tous les types de peaux en contribuant \u00e0 renforcer ses ressources naturelles et sa beaut\u00e9. <\/p>\n\n\n\n<p>Notre accompagnement expert, sur-mesure, prend en compte les principaux facteurs de vieillissement pour que votre peau s\u2019adapte en beaut\u00e9 au monde qui vous entoure.<br><\/p>\n\n\n\n<p>Nos routines de soin du visage s\u2019adaptent saison apr\u00e8s saison \u00e0 chaque besoin de votre peau, et \u00e0 chaque moment de votre vie.<\/p>\n\n\n\n<div class=\"wp-block-group\"><div class=\"wp-block-group__inner-container\">\n<div class=\"wp-block-group\"><div class=\"wp-block-group__inner-container\">\n<div class=\"wp-block-group\"><div class=\"wp-block-group__inner-container\">\n<div class=\"wp-block-columns\">\n<div class=\"wp-block-column\">\n<blockquote class=\"wp-block-quote\"><p>Soins  Essentiels<\/p><cite><strong><em>La m\u00e9thode de nettoyage respectueuse de l&rsquo;\u00e9cosyst\u00e8me de la peau<\/em><\/strong><\/cite><\/blockquote>\n\n\n\n<p class=\"has-text-color\" style=\"color:#565454\">OSMOCLEAN DOUCEUR :&nbsp;La peau est oxyg\u00e9n\u00e9e, dynamis\u00e9e, le teint pur et transparent &#8230;&#8230; 30 min<\/p>\n\n\n\n<p class=\"has-text-color\" style=\"color:#565454\">OSMOPEEL PEAU NEUVE :&nbsp;Soin peeling r\u00e9novateur d\u2019\u00e9clat, la peau est lisse et \u00e9clatante &#8230;&#8230; 30min<\/p>\n\n\n\n<blockquote class=\"wp-block-quote\"><p>Soins Excellence Jeunesse<\/p><cite>Une approche positive de l&rsquo;\u00e2ge qui r\u00e9v\u00e8le la beaut\u00e9 des femmes et participe \u00e0 leur accomplissement dans la dur\u00e9e<\/cite><\/blockquote>\n\n\n\n<p class=\"has-text-color\" style=\"color:#565454\"> ACTIVE-REPAIR : Soin antirides, \u00e9clat-d\u00e9tox. Haute r\u00e9cup\u00e9ration des peaux fatigu\u00e9es &#8230;.. 1h30<\/p>\n\n\n\n<p class=\"has-text-color\" style=\"color:#565454\">ESTHE-LIFT : Lifting professionnel 100% manuel &#8230;&#8230; 1h30<\/p>\n\n\n\n<p class=\"has-text-color\" style=\"color:#565454\">GRAND SOIN JEUNESSE GLOBAL : Soin global jeunesse r\u00e9g\u00e9n\u00e9rant, r\u00e9\u00e9quilibrant, ressourcant &#8230;&#8230; 1h30<\/p>\n\n\n\n<p class=\"has-text-color\" style=\"color:#565454\">EXCELLAGE : Le soin Signature d&rsquo;exception par excellence &#8230;&#8230; 1h30<\/p>\n\n\n\n<blockquote class=\"wp-block-quote\"><p>Soins au rythme des saisons<\/p><cite>Des soins qui s&rsquo;adaptent aux besoins des saisons : tonus, \u00e9clat, hydratation, fra\u00eecheur, r\u00e9paration &#8230;<\/cite><\/blockquote>\n\n\n\n<p class=\"has-text-color\" style=\"color:#565454\">PRINTEMPS \/ \u00c9T\u00c9 :&nbsp;Ce soin au printemps ou en \u00e9t\u00e9 accompagne la peau au cours des changements de saisons &#8230;&#8230; 1h<\/p>\n\n\n\n<p class=\"has-text-color\" style=\"color:#565454\"> AUTOMNE \/ HIVER :&nbsp;Soin Cocoon &#8230;&#8230; 1h<\/p>\n\n\n\n<blockquote class=\"wp-block-quote\"><p>Soins performance cibl\u00e9e<\/p><cite>La peau retrouve son harmonie, elle est mieux pr\u00e9serv\u00e9e du temps<\/cite><\/blockquote>\n\n\n\n<p class=\"has-text-color\" style=\"color:#565454\">INTENSIVE HYALURONIC : Comblement des rides, hydratation intense.. 1h<\/p>\n\n\n\n<p class=\"has-text-color\" style=\"color:#565454\">INTENSIVE SPIRULINE : Revitalisation, action d\u00e9fatigante &#8230;&#8230; 1h<\/p>\n\n\n\n<p class=\"has-text-color\" style=\"color:#565454\">INTENSIVE VITAMINE C : Teint uniforme, \u00e9claircit les t\u00e2ches &#8230;&#8230; 1h<\/p>\n\n\n\n<blockquote class=\"wp-block-quote\"><p>Soins Equilibre<\/p><cite>La peau retrouve son harmonie, elle est mieux pr\u00e9serv\u00e9e du temps<\/cite><\/blockquote>\n\n\n\n<p class=\"has-text-color\" style=\"color:#565454\">SENSI : Calme et abaisse la sensibilit\u00e9 des peaux r\u00e9actives &#8230;&#8230; 45 min<\/p>\n\n\n\n<p class=\"has-text-color\" style=\"color:#565454\">PURE : Att\u00e9nue les imperfections, matifie et resserre les pores &#8230;&#8230; 45 min<\/p>\n\n\n\n<p class=\"has-text-color\" style=\"color:#565454\">HYDRA DEFENSE : hydratation et D\u00e9tox, redonne de l&rsquo;\u00e9nergie \u00e0 votre peau et pr\u00e9vient les irritations et imperfections &#8230;&#8230; 1h<\/p>\n\n\n\n<div class=\"wp-block-image is-style-default\"><figure class=\"aligncenter size-large is-resized\"><img loading=\"lazy\" src=\"http:\/\/www.inovetsens.fr\/wp-content\/uploads\/2021\/02\/IMG_cabine-et-produit-esthederm-edited.jpg\" alt=\"\" class=\"wp-image-256\" width=\"381\" height=\"286\" srcset=\"http:\/\/www.inovetsens.fr\/wp-content\/uploads\/2021\/02\/IMG_cabine-et-produit-esthederm-edited.jpg 1023w, http:\/\/www.inovetsens.fr\/wp-content\/uploads\/2021\/02\/IMG_cabine-et-produit-esthederm-edited-300x225.jpg 300w, http:\/\/www.inovetsens.fr\/wp-content\/uploads\/2021\/02\/IMG_cabine-et-produit-esthederm-edited-768x577.jpg 768w, http:\/\/www.inovetsens.fr\/wp-content\/uploads\/2021\/02\/IMG_cabine-et-produit-esthederm-edited-80x60.jpg 80w, http:\/\/www.inovetsens.fr\/wp-content\/uploads\/2021\/02\/IMG_cabine-et-produit-esthederm-edited-640x480.jpg 640w, http:\/\/www.inovetsens.fr\/wp-content\/uploads\/2021\/02\/IMG_cabine-et-produit-esthederm-edited-110x83.jpg 110w\" sizes=\"(max-width: 381px) 100vw, 381px\" \/><figcaption><strong><em>D\u00e9couvrez la gamme de produits adapt\u00e9e \u00e0 votre peau<\/em><\/strong><\/figcaption><\/figure><\/div>\n<\/div>\n<\/div>\n\n\n\n<p><\/p>\n<\/div><\/div>\n\n\n\n<p><\/p>\n<\/div><\/div>\n\n\n\n<p><\/p>\n<\/div><\/div>\n\n\n\n<p><\/p>\n","protected":false},"excerpt":{"rendered":"<p>Un partenaire exclusif pour nos soins du visage Jour apr\u00e8s jour, les soins du visage institut Esthederm pr\u00e9servent, subliment la qualit\u00e9 de tous les types de peaux en contribuant \u00e0 &hellip; <\/p>\n","protected":false},"author":1,"featured_media":138,"parent":0,"menu_order":0,"comment_status":"closed","ping_status":"closed","template":"","meta":[],"_links":{"self":[{"href":"http:\/\/www.inovetsens.fr\/index.php\/wp-json\/wp\/v2\/pages\/24"}],"collection":[{"href":"http:\/\/www.inovetsens.fr\/index.php\/wp-json\/wp\/v2\/pages"}],"about":[{"href":"http:\/\/www.inovetsens.fr\/index.php\/wp-json\/wp\/v2\/types\/page"}],"author":[{"embeddable":true,"href":"http:\/\/www.inovetsens.fr\/index.php\/wp-json\/wp\/v2\/users\/1"}],"replies":[{"embeddable":true,"href":"http:\/\/www.inovetsens.fr\/index.php\/wp-json\/wp\/v2\/comments?post=24"}],"version-history":[{"count":29,"href":"http:\/\/www.inovetsens.fr\/index.php\/wp-json\/wp\/v2\/pages\/24\/revisions"}],"predecessor-version":[{"id":262,"href":"http:\/\/www.inovetsens.fr\/index.php\/wp-json\/wp\/v2\/pages\/24\/revisions\/262"}],"wp:featuredmedia":[{"embeddable":true,"href":"http:\/\/www.inovetsens.fr\/index.php\/wp-json\/wp\/v2\/media\/138"}],"wp:attachment":[{"href":"http:\/\/www.inovetsens.fr\/index.php\/wp-json\/wp\/v2\/media?parent=24"}],"curies":[{"name":"wp","href":"https:\/\/api.w.org\/{rel}","templated":true}]}}

<p>Un partenaire exclusif pour nos soins du visage</p>



<figure class="wp-block-image size-large"><img loading="lazy" width="250" height="111" src="http://www.inovetsens.fr/wp-content/uploads/2020/11/Esthederm-logo.png" alt="" class="wp-image-114" srcset="http://www.inovetsens.fr/wp-content/uploads/2020/11/Esthederm-logo.png 250w, http://www.inovetsens.fr/wp-content/uploads/2020/11/Esthederm-logo-135x60.png 135w" sizes="(max-width: 250px) 100vw, 250px" /></figure>



<figure class="wp-block-image size-large is-resized is-style-default"><img loading="lazy" src="http://www.inovetsens.fr/wp-content/uploads/2021/02/IMG_cabine-visage-1024x768.jpg" alt="" class="wp-image-253" width="445" height="334" srcset="http://www.inovetsens.fr/wp-content/uploads/2021/02/IMG_cabine-visage-1024x768.jpg 1024w, http://www.inovetsens.fr/wp-content/uploads/2021/02/IMG_cabine-visage-300x225.jpg 300w, http://www.inovetsens.fr/wp-content/uploads/2021/02/IMG_cabine-visage-768x576.jpg 768w, http://www.inovetsens.fr/wp-content/uploads/2021/02/IMG_cabine-visage-1536x1152.jpg 1536w, http://www.inovetsens.fr/wp-content/uploads/2021/02/IMG_cabine-visage-80x60.jpg 80w, http://www.inovetsens.fr/wp-content/uploads/2021/02/IMG_cabine-visage-640x480.jpg 640w, http://www.inovetsens.fr/wp-content/uploads/2021/02/IMG_cabine-visage-110x83.jpg 110w, http://www.inovetsens.fr/wp-content/uploads/2021/02/IMG_cabine-visage.jpg 2016w" sizes="(max-width: 445px) 100vw, 445px" /></figure>



<p>Jour après jour, les soins du visage institut Esthederm préservent, subliment la qualité de tous les types de peaux en contribuant à renforcer ses ressources naturelles et sa beauté. </p>



<p>Notre accompagnement expert, sur-mesure, prend en compte les principaux facteurs de vieillissement pour que votre peau s’adapte en beauté au monde qui vous entoure.<br></p>



<p>Nos routines de soin du visage s’adaptent saison après saison à chaque besoin de votre peau, et à chaque moment de votre vie.</p>



<div class="wp-block-group"><div class="wp-block-group__inner-container">
<div class="wp-block-group"><div class="wp-block-group__inner-container">
<div class="wp-block-group"><div class="wp-block-group__inner-container">
<div class="wp-block-columns">
<div class="wp-block-column">
<blockquote class="wp-block-quote"><p>Soins  Essentiels</p><cite><strong><em>La méthode de nettoyage respectueuse de l&rsquo;écosystème de la peau</em></strong></cite></blockquote>



<p class="has-text-color" style="color:#565454">OSMOCLEAN DOUCEUR :&nbsp;La peau est oxygénée, dynamisée, le teint pur et transparent &#8230;&#8230; 30 min</p>



<p class="has-text-color" style="color:#565454">OSMOPEEL PEAU NEUVE :&nbsp;Soin peeling rénovateur d’éclat, la peau est lisse et éclatante &#8230;&#8230; 30min</p>



<blockquote class="wp-block-quote"><p>Soins Excellence Jeunesse</p><cite>Une approche positive de l&rsquo;âge qui révèle la beauté des femmes et participe à leur accomplissement dans la durée</cite></blockquote>



<p class="has-text-color" style="color:#565454"> ACTIVE-REPAIR : Soin antirides, éclat-détox. Haute récupération des peaux fatiguées &#8230;.. 1h30</p>



<p class="has-text-color" style="color:#565454">ESTHE-LIFT : Lifting professionnel 100% manuel &#8230;&#8230; 1h30</p>



<p class="has-text-color" style="color:#565454">GRAND SOIN JEUNESSE GLOBAL : Soin global jeunesse régénérant, rééquilibrant, ressourcant &#8230;&#8230; 1h30</p>



<p class="has-text-color" style="color:#565454">EXCELLAGE : Le soin Signature d&rsquo;exception par excellence &#8230;&#8230; 1h30</p>



<blockquote class="wp-block-quote"><p>Soins au rythme des saisons</p><cite>Des soins qui s&rsquo;adaptent aux besoins des saisons : tonus, éclat, hydratation, fraîcheur, réparation &#8230;</cite></blockquote>



<p class="has-text-color" style="color:#565454">PRINTEMPS / ÉTÉ :&nbsp;Ce soin au printemps ou en été accompagne la peau au cours des changements de saisons &#8230;&#8230; 1h</p>



<p class="has-text-color" style="color:#565454"> AUTOMNE / HIVER :&nbsp;Soin Cocoon &#8230;&#8230; 1h</p>



<blockquote class="wp-block-quote"><p>Soins performance ciblée</p><cite>La peau retrouve son harmonie, elle est mieux préservée du temps</cite></blockquote>



<p class="has-text-color" style="color:#565454">INTENSIVE HYALURONIC : Comblement des rides, hydratation intense.. 1h</p>



<p class="has-text-color" style="color:#565454">INTENSIVE SPIRULINE : Revitalisation, action défatigante &#8230;&#8230; 1h</p>



<p class="has-text-color" style="color:#565454">INTENSIVE VITAMINE C : Teint uniforme, éclaircit les tâches &#8230;&#8230; 1h</p>



<blockquote class="wp-block-quote"><p>Soins Equilibre</p><cite>La peau retrouve son harmonie, elle est mieux préservée du temps</cite></blockquote>



<p class="has-text-color" style="color:#565454">SENSI : Calme et abaisse la sensibilité des peaux réactives &#8230;&#8230; 45 min</p>



<p class="has-text-color" style="color:#565454">PURE : Atténue les imperfections, matifie et resserre les pores &#8230;&#8230; 45 min</p>



<p class="has-text-color" style="color:#565454">HYDRA DEFENSE : hydratation et Détox, redonne de l&rsquo;énergie à votre peau et prévient les irritations et imperfections &#8230;&#8230; 1h</p>



<div class="wp-block-image is-style-default"><figure class="aligncenter size-large is-resized"><img loading="lazy" src="http://www.inovetsens.fr/wp-content/uploads/2021/02/IMG_cabine-et-produit-esthederm-edited.jpg" alt="" class="wp-image-256" width="381" height="286" srcset="http://www.inovetsens.fr/wp-content/uploads/2021/02/IMG_cabine-et-produit-esthederm-edited.jpg 1023w, http://www.inovetsens.fr/wp-content/uploads/2021/02/IMG_cabine-et-produit-esthederm-edited-300x225.jpg 300w, http://www.inovetsens.fr/wp-content/uploads/2021/02/IMG_cabine-et-produit-esthederm-edited-768x577.jpg 768w, http://www.inovetsens.fr/wp-content/uploads/2021/02/IMG_cabine-et-produit-esthederm-edited-80x60.jpg 80w, http://www.inovetsens.fr/wp-content/uploads/2021/02/IMG_cabine-et-produit-esthederm-edited-640x480.jpg 640w, http://www.inovetsens.fr/wp-content/uploads/2021/02/IMG_cabine-et-produit-esthederm-edited-110x83.jpg 110w" sizes="(max-width: 381px) 100vw, 381px" /><figcaption><strong><em>Découvrez la gamme de produits adaptée à votre peau</em></strong></figcaption></figure></div>
</div>
</div>



<p></p>
</div></div>



<p></p>
</div></div>



<p></p>
</div></div>



<p></p>

<p>Un partenaire exclusif pour nos soins du visage Jour après jour, les soins du visage institut Esthederm préservent, subliment la qualité de tous les types de peaux en contribuant à &hellip; </p>
